{"id":1758,"date":"2016-11-11T04:19:09","date_gmt":"2016-11-11T04:19:09","guid":{"rendered":"https:\/\/themepalacedemo.com\/kids-education\/?page_id=1758"},"modified":"2023-12-17T15:29:26","modified_gmt":"2023-12-17T15:29:26","slug":"os-sip","status":"publish","type":"page","link":"https:\/\/ossip.edu.ba\/","title":{"rendered":"JU O\u0160 &#8220;\u0160ip&#8221;"},"content":{"rendered":"\t\t<div data-elementor-type=\"wp-page\" data-elementor-id=\"1758\" class=\"elementor elementor-1758\">\n\t\t\t\t\t\t<section class=\"elementor-section elementor-top-section elementor-element elementor-element-746f5b3 elementor-section-boxed elementor-section-height-default elementor-section-height-default\" data-id=\"746f5b3\" data-element_type=\"section\" data-e-type=\"section\">\n\t\t\t\t\t\t<div class=\"elementor-container elementor-column-gap-default\">\n\t\t\t\t\t<div class=\"elementor-column elementor-col-33 elementor-top-column elementor-element elementor-element-8251b44\" data-id=\"8251b44\" data-element_type=\"column\" data-e-type=\"column\">\n\t\t\t<div class=\"elementor-widget-wrap elementor-element-populated\">\n\t\t\t\t\t\t<div class=\"elementor-element elementor-element-255125b elementor-widget elementor-widget-image\" data-id=\"255125b\" data-element_type=\"widget\" data-e-type=\"widget\" data-widget_type=\"image.default\">\n\t\t\t\t<div class=\"elementor-widget-container\">\n\t\t\t\t\t\t\t\t\t\t\t\t\t\t\t<img fetchpriority=\"high\" decoding=\"async\" width=\"512\" height=\"512\" src=\"https:\/\/ossip.edu.ba\/wp-content\/uploads\/2021\/11\/cropped-Logo512x512-2.png\" class=\"attachment-large size-large wp-image-1988\" alt=\"\" srcset=\"https:\/\/ossip.edu.ba\/wp-content\/uploads\/2021\/11\/cropped-Logo512x512-2.png 512w, https:\/\/ossip.edu.ba\/wp-content\/uploads\/2021\/11\/cropped-Logo512x512-2-300x300.png 300w, https:\/\/ossip.edu.ba\/wp-content\/uploads\/2021\/11\/cropped-Logo512x512-2-150x150.png 150w, https:\/\/ossip.edu.ba\/wp-content\/uploads\/2021\/11\/cropped-Logo512x512-2-270x270.png 270w, https:\/\/ossip.edu.ba\/wp-content\/uploads\/2021\/11\/cropped-Logo512x512-2-192x192.png 192w, https:\/\/ossip.edu.ba\/wp-content\/uploads\/2021\/11\/cropped-Logo512x512-2-180x180.png 180w, https:\/\/ossip.edu.ba\/wp-content\/uploads\/2021\/11\/cropped-Logo512x512-2-32x32.png 32w\" sizes=\"(max-width: 512px) 100vw, 512px\" \/>\t\t\t\t\t\t\t\t\t\t\t\t\t\t\t<\/div>\n\t\t\t\t<\/div>\n\t\t\t\t\t<\/div>\n\t\t<\/div>\n\t\t\t\t<div class=\"elementor-column elementor-col-66 elementor-top-column elementor-element elementor-element-249417a\" data-id=\"249417a\" data-element_type=\"column\" data-e-type=\"column\">\n\t\t\t<div class=\"elementor-widget-wrap elementor-element-populated\">\n\t\t\t\t\t\t<div class=\"elementor-element elementor-element-d8d968f elementor-widget elementor-widget-text-editor\" data-id=\"d8d968f\" data-element_type=\"widget\" data-e-type=\"widget\" data-widget_type=\"text-editor.default\">\n\t\t\t\t<div class=\"elementor-widget-container\">\n\t\t\t\t\t\t\t\t\t<p>O\u0160&nbsp;<span style=\"font-family: var( --e-global-typography-text-font-family ), Sans-serif; font-weight: var( --e-global-typography-text-font-weight ); font-size: 1rem;\">\u201e\u0160IP\u201c&nbsp; je 20. oktobra upisana u registar osnovnih \u0161kola koje vodi Ministarstvo za odgoj i obrazovanje.&nbsp;<\/span><\/p>\n<p>\u0160kolsko zvono oglasilo se prvi put 01.11.2021. godine i nastava je zapo\u010dela za 90 u\u010denika.<\/p>\n<p>Djeca \u0107e imati priliku da se obrazuju u najsavremenijim u\u010dionicama i kabinetima za egzaktne nauke.&nbsp;<\/p><p>Osamnaest svijetlih u\u010dionica sa izlazom na terase kao vanjske u\u010dionice, kabineti za nauku i umjetnost, biblioteka sa \u010ditaonicom i velika sportska sala, zami\u0161ljene su i izvedene idejom otvorenosti i pristupa\u010dnosti te predstavljaju idealno arhitektonsko rje\u0161enje.&nbsp;<\/p><p>\u0160kola ima sav sadr\u017eaj potreban za kvalitetan obrazovni proces.&nbsp;<\/p><p>Za dobre uslove treba vam dobar prosvjetni radnik, motiviran u\u010denik, siguran i topao ambijent. To \u0107e ova \u0161kola imati.<\/p>\t\t\t\t\t\t\t\t<\/div>\n\t\t\t\t<\/div>\n\t\t\t\t\t<\/div>\n\t\t<\/div>\n\t\t\t\t\t<\/div>\n\t\t<\/section>\n\t\t\t\t<section class=\"elementor-section elementor-top-section elementor-element elementor-element-5233e34 elementor-section-boxed elementor-section-height-default elementor-section-height-default\" data-id=\"5233e34\" data-element_type=\"section\" data-e-type=\"section\">\n\t\t\t\t\t\t<div class=\"elementor-container elementor-column-gap-default\">\n\t\t\t\t\t<div class=\"elementor-column elementor-col-100 elementor-top-column elementor-element elementor-element-48abce8\" data-id=\"48abce8\" data-element_type=\"column\" data-e-type=\"column\">\n\t\t\t<div class=\"elementor-widget-wrap elementor-element-populated\">\n\t\t\t\t\t\t<div class=\"elementor-element elementor-element-32fad83 elementor-align-center elementor-widget elementor-widget-button\" data-id=\"32fad83\" data-element_type=\"widget\" data-e-type=\"widget\" data-widget_type=\"button.default\">\n\t\t\t\t<div class=\"elementor-widget-container\">\n\t\t\t\t\t\t\t\t\t<div class=\"elementor-button-wrapper\">\n\t\t\t\t\t<a class=\"elementor-button elementor-button-link elementor-size-lg\" href=\"https:\/\/ossip.edu.ba\/?page_id=3197\">\n\t\t\t\t\t\t<span class=\"elementor-button-content-wrapper\">\n\t\t\t\t\t\t\t\t\t<span class=\"elementor-button-text\">Kontakt zaposlenika<\/span>\n\t\t\t\t\t<\/span>\n\t\t\t\t\t<\/a>\n\t\t\t\t<\/div>\n\t\t\t\t\t\t\t\t<\/div>\n\t\t\t\t<\/div>\n\t\t\t\t\t<\/div>\n\t\t<\/div>\n\t\t\t\t\t<\/div>\n\t\t<\/section>\n\t\t\t\t<\/div>\n\t\t","protected":false},"excerpt":{"rendered":"<p>O\u0160&nbsp;\u201e\u0160IP\u201c&nbsp; je 20. oktobra upisana u registar osnovnih \u0161kola koje vodi Ministarstvo za odgoj i obrazovanje.&nbsp; \u0160kolsko zvono oglasilo se prvi put 01.11.2021. godine i nastava je zapo\u010dela za 90 u\u010denika. Djeca \u0107e imati priliku da se obrazuju u najsavremenijim u\u010dionicama i kabinetima za egzaktne nauke.&nbsp; Osamnaest svijetlih u\u010dionica sa izlazom na terase kao vanjske [&hellip;]<\/p>\n","protected":false},"author":1,"featured_media":0,"parent":0,"menu_order":0,"comment_status":"closed","ping_status":"closed","template":"","meta":{"footnotes":""},"class_list":["post-1758","page","type-page","status-publish","hentry"],"_links":{"self":[{"href":"https:\/\/ossip.edu.ba\/index.php?rest_route=\/wp\/v2\/pages\/1758","targetHints":{"allow":["GET"]}}],"collection":[{"href":"https:\/\/ossip.edu.ba\/index.php?rest_route=\/wp\/v2\/pages"}],"about":[{"href":"https:\/\/ossip.edu.ba\/index.php?rest_route=\/wp\/v2\/types\/page"}],"author":[{"embeddable":true,"href":"https:\/\/ossip.edu.ba\/index.php?rest_route=\/wp\/v2\/users\/1"}],"replies":[{"embeddable":true,"href":"https:\/\/ossip.edu.ba\/index.php?rest_route=%2Fwp%2Fv2%2Fcomments&post=1758"}],"version-history":[{"count":28,"href":"https:\/\/ossip.edu.ba\/index.php?rest_route=\/wp\/v2\/pages\/1758\/revisions"}],"predecessor-version":[{"id":3227,"href":"https:\/\/ossip.edu.ba\/index.php?rest_route=\/wp\/v2\/pages\/1758\/revisions\/3227"}],"wp:attachment":[{"href":"https:\/\/ossip.edu.ba\/index.php?rest_route=%2Fwp%2Fv2%2Fmedia&parent=1758"}],"curies":[{"name":"wp","href":"https:\/\/api.w.org\/{rel}","templated":true}]}}